{"id":18796,"date":"2025-04-28T12:05:02","date_gmt":"2025-04-28T12:05:02","guid":{"rendered":"https:\/\/transeuropafestival.eu\/speakers\/marta-cillero\/"},"modified":"2025-04-28T12:06:26","modified_gmt":"2025-04-28T12:06:26","slug":"marta-cillero","status":"publish","type":"portfolio","link":"https:\/\/transeuropafestival.eu\/fr\/speakers\/marta-cillero\/","title":{"rendered":"Marta Cillero"},"content":{"rendered":"<h2><em>Marta Cillero<\/em><\/h2>\n<h3>Marta est directrice g\u00e9n\u00e9rale de la Fondazione Studio Rizoma (Palerme) et responsable de la communication. Elle est dipl\u00f4m\u00e9e en \u00c9tudes des m\u00e9dias, Journalisme et Communication (Madrid, Istanbul et Chicago) et titulaire d&#8217;un master en \u00c9tudes de genre (Rome). Elle a publi\u00e9 plusieurs articles et rapports de recherche sur les violences de genre dans les pays m\u00e9diterran\u00e9ens.<\/h3>\n<h3>Elle est \u00e9galement membre du conseil ex\u00e9cutif et cheffe de projet <a href=\"https:\/\/chaynitalia.org\/\">Chayn Italia<\/a>, une organisation prim\u00e9e pr\u00e9sente en Italie, au Pakistan, en Inde et au Royaume-Uni, qui aide les femmes victimes de violences et d&#8217;abus \u00e0 travers des ressources multilingues, ouvertes et gratuites sur la s\u00e9curit\u00e9 en ligne.<\/h3>\n","protected":false},"excerpt":{"rendered":"<p>Marta Cillero Marta est directrice g\u00e9n\u00e9rale de la Fondazione Studio Rizoma (Palerme) et responsable de la communication. Elle est dipl\u00f4m\u00e9e en \u00c9tudes des m\u00e9dias, Journalisme et Communication (Madrid, Istanbul et Chicago) et titulaire d&#8217;un master en \u00c9tudes de genre (Rome). Elle a publi\u00e9 plusieurs articles et rapports de recherche sur les violences de genre dans [&hellip;]<\/p>\n","protected":false},"featured_media":18799,"comment_status":"open","ping_status":"closed","template":"","tags":[],"portfolio_entries":[121],"class_list":["post-18796","portfolio","type-portfolio","status-publish","has-post-thumbnail","hentry","portfolio_entries-jeudi"],"_links":{"self":[{"href":"https:\/\/transeuropafestival.eu\/fr\/wp-json\/wp\/v2\/portfolio\/18796","targetHints":{"allow":["GET"]}}],"collection":[{"href":"https:\/\/transeuropafestival.eu\/fr\/wp-json\/wp\/v2\/portfolio"}],"about":[{"href":"https:\/\/transeuropafestival.eu\/fr\/wp-json\/wp\/v2\/types\/portfolio"}],"replies":[{"embeddable":true,"href":"https:\/\/transeuropafestival.eu\/fr\/wp-json\/wp\/v2\/comments?post=18796"}],"version-history":[{"count":2,"href":"https:\/\/transeuropafestival.eu\/fr\/wp-json\/wp\/v2\/portfolio\/18796\/revisions"}],"predecessor-version":[{"id":18798,"href":"https:\/\/transeuropafestival.eu\/fr\/wp-json\/wp\/v2\/portfolio\/18796\/revisions\/18798"}],"wp:featuredmedia":[{"embeddable":true,"href":"https:\/\/transeuropafestival.eu\/fr\/wp-json\/wp\/v2\/media\/18799"}],"wp:attachment":[{"href":"https:\/\/transeuropafestival.eu\/fr\/wp-json\/wp\/v2\/media?parent=18796"}],"wp:term":[{"taxonomy":"post_tag","embeddable":true,"href":"https:\/\/transeuropafestival.eu\/fr\/wp-json\/wp\/v2\/tags?post=18796"},{"taxonomy":"portfolio_entries","embeddable":true,"href":"https:\/\/transeuropafestival.eu\/fr\/wp-json\/wp\/v2\/portfolio_entries?post=18796"}],"curies":[{"name":"wp","href":"https:\/\/api.w.org\/{rel}","templated":true}]}}

<h2><em>Marta Cillero</em></h2>
<h3>Marta est directrice générale de la Fondazione Studio Rizoma (Palerme) et responsable de la communication. Elle est diplômée en Études des médias, Journalisme et Communication (Madrid, Istanbul et Chicago) et titulaire d&#8217;un master en Études de genre (Rome). Elle a publié plusieurs articles et rapports de recherche sur les violences de genre dans les pays méditerranéens.</h3>
<h3>Elle est également membre du conseil exécutif et cheffe de projet <a href="https://chaynitalia.org/">Chayn Italia</a>, une organisation primée présente en Italie, au Pakistan, en Inde et au Royaume-Uni, qui aide les femmes victimes de violences et d&#8217;abus à travers des ressources multilingues, ouvertes et gratuites sur la sécurité en ligne.</h3>

<p>Marta Cillero Marta est directrice générale de la Fondazione Studio Rizoma (Palerme) et responsable de la communication. Elle est diplômée en Études des médias, Journalisme et Communication (Madrid, Istanbul et Chicago) et titulaire d&#8217;un master en Études de genre (Rome). Elle a publié plusieurs articles et rapports de recherche sur les violences de genre dans [&hellip;]</p>
