{"id":18909,"date":"2025-05-06T10:54:35","date_gmt":"2025-05-06T10:54:35","guid":{"rendered":"https:\/\/transeuropafestival.eu\/speakers\/nox-clot\/"},"modified":"2025-05-06T10:55:45","modified_gmt":"2025-05-06T10:55:45","slug":"nox-clot","status":"publish","type":"portfolio","link":"https:\/\/transeuropafestival.eu\/fr\/speakers\/nox-clot\/","title":{"rendered":"Nox Clot"},"content":{"rendered":"<h2><em>Nox Clot<\/em><\/h2>\n<h3>Nox est un militant actif \u00e0 Paris et dans ses environs, engag\u00e9 dans des espaces anti-autoritaires, avec un focus sur les luttes queer, f\u00e9ministes, pour le droit au logement et contre les fronti\u00e8res. Il est actuellement stagiaire chez European Alternatives et nous accompagnera sur le projet FIERCE ainsi que sur le Festival Transeuropa 2025. Il a \u00e9tudi\u00e9 la litt\u00e9rature, la philosophie et l\u2019histoire, et \u00e9tudie actuellement l\u2019arabe.<\/h3>\n","protected":false},"excerpt":{"rendered":"<p>Nox Clot Nox est un militant actif \u00e0 Paris et dans ses environs, engag\u00e9 dans des espaces anti-autoritaires, avec un focus sur les luttes queer, f\u00e9ministes, pour le droit au logement et contre les fronti\u00e8res. Il est actuellement stagiaire chez European Alternatives et nous accompagnera sur le projet FIERCE ainsi que sur le Festival Transeuropa [&hellip;]<\/p>\n","protected":false},"featured_media":18912,"comment_status":"open","ping_status":"closed","template":"","tags":[],"portfolio_entries":[121],"class_list":["post-18909","portfolio","type-portfolio","status-publish","has-post-thumbnail","hentry","portfolio_entries-jeudi"],"_links":{"self":[{"href":"https:\/\/transeuropafestival.eu\/fr\/wp-json\/wp\/v2\/portfolio\/18909","targetHints":{"allow":["GET"]}}],"collection":[{"href":"https:\/\/transeuropafestival.eu\/fr\/wp-json\/wp\/v2\/portfolio"}],"about":[{"href":"https:\/\/transeuropafestival.eu\/fr\/wp-json\/wp\/v2\/types\/portfolio"}],"replies":[{"embeddable":true,"href":"https:\/\/transeuropafestival.eu\/fr\/wp-json\/wp\/v2\/comments?post=18909"}],"version-history":[{"count":1,"href":"https:\/\/transeuropafestival.eu\/fr\/wp-json\/wp\/v2\/portfolio\/18909\/revisions"}],"predecessor-version":[{"id":18913,"href":"https:\/\/transeuropafestival.eu\/fr\/wp-json\/wp\/v2\/portfolio\/18909\/revisions\/18913"}],"wp:featuredmedia":[{"embeddable":true,"href":"https:\/\/transeuropafestival.eu\/fr\/wp-json\/wp\/v2\/media\/18912"}],"wp:attachment":[{"href":"https:\/\/transeuropafestival.eu\/fr\/wp-json\/wp\/v2\/media?parent=18909"}],"wp:term":[{"taxonomy":"post_tag","embeddable":true,"href":"https:\/\/transeuropafestival.eu\/fr\/wp-json\/wp\/v2\/tags?post=18909"},{"taxonomy":"portfolio_entries","embeddable":true,"href":"https:\/\/transeuropafestival.eu\/fr\/wp-json\/wp\/v2\/portfolio_entries?post=18909"}],"curies":[{"name":"wp","href":"https:\/\/api.w.org\/{rel}","templated":true}]}}

<h2><em>Nox Clot</em></h2>
<h3>Nox est un militant actif à Paris et dans ses environs, engagé dans des espaces anti-autoritaires, avec un focus sur les luttes queer, féministes, pour le droit au logement et contre les frontières. Il est actuellement stagiaire chez European Alternatives et nous accompagnera sur le projet FIERCE ainsi que sur le Festival Transeuropa 2025. Il a étudié la littérature, la philosophie et l’histoire, et étudie actuellement l’arabe.</h3>

<p>Nox Clot Nox est un militant actif à Paris et dans ses environs, engagé dans des espaces anti-autoritaires, avec un focus sur les luttes queer, féministes, pour le droit au logement et contre les frontières. Il est actuellement stagiaire chez European Alternatives et nous accompagnera sur le projet FIERCE ainsi que sur le Festival Transeuropa [&hellip;]</p>
