{"id":18918,"date":"2025-05-06T11:04:29","date_gmt":"2025-05-06T11:04:29","guid":{"rendered":"https:\/\/transeuropafestival.eu\/speakers\/ni-made-asri-wahyuni\/"},"modified":"2025-05-06T11:05:41","modified_gmt":"2025-05-06T11:05:41","slug":"ni-made-asri-wahyuni","status":"publish","type":"portfolio","link":"https:\/\/transeuropafestival.eu\/fr\/speakers\/ni-made-asri-wahyuni\/","title":{"rendered":"Ni Made Asri Wahyuni"},"content":{"rendered":"<h2><em>Ni Made Asri Wahyuni<\/em><\/h2>\n<h3>Asri est stagiaire chez European Alternatives et vient de Bali, en Indon\u00e9sie. Elle vient de terminer un Master en Politique, Philosophie et Affaires Publiques \u00e0 l\u2019Universit\u00e9 de Milan. Elle a \u00e9galement particip\u00e9 au programme Erasmus Blended Intensive \u00e0 l\u2019Universit\u00e9 de Groningen, ax\u00e9 sur l\u2019analyse des politiques pour la durabilit\u00e9 sociale. Chez European Alternatives, elle assiste la coordinatrice de projet pour le festival Transeuropa \u00e0 Paris ainsi que pour le r\u00e9seau transnational Fierce.<br \/>\nEn dehors de ses \u00e9tudes \u00e0 Milan, Asri s\u2019est passionn\u00e9e par la danse et a particip\u00e9 \u00e0 plusieurs festivals, tels que l\u2019Artigiano Rho Fiera Cultural Fest, la Festa Dei Popoli et le Festival dell\u2019Oriente. Elle s\u2019int\u00e9resse aussi \u00e0 la gestion des d\u00e9chets \u00e0 Bali, en particulier \u00e0 ses dimensions sociales et philosophiques, ainsi qu\u2019\u00e0 la situation des femmes migrantes indon\u00e9siennes en Europe. En accord avec ses centres d\u2019int\u00e9r\u00eat, elle est actuellement engag\u00e9e dans une communaut\u00e9 environnementale \u00e0 Bali et dans un collectif de femmes migrantes indon\u00e9siennes en Europe.<\/h3>\n","protected":false},"excerpt":{"rendered":"<p>Ni Made Asri Wahyuni Asri est stagiaire chez European Alternatives et vient de Bali, en Indon\u00e9sie. Elle vient de terminer un Master en Politique, Philosophie et Affaires Publiques \u00e0 l\u2019Universit\u00e9 de Milan. Elle a \u00e9galement particip\u00e9 au programme Erasmus Blended Intensive \u00e0 l\u2019Universit\u00e9 de Groningen, ax\u00e9 sur l\u2019analyse des politiques pour la durabilit\u00e9 sociale. Chez [&hellip;]<\/p>\n","protected":false},"featured_media":18921,"comment_status":"open","ping_status":"closed","template":"","tags":[],"portfolio_entries":[121],"class_list":["post-18918","portfolio","type-portfolio","status-publish","has-post-thumbnail","hentry","portfolio_entries-jeudi"],"_links":{"self":[{"href":"https:\/\/transeuropafestival.eu\/fr\/wp-json\/wp\/v2\/portfolio\/18918","targetHints":{"allow":["GET"]}}],"collection":[{"href":"https:\/\/transeuropafestival.eu\/fr\/wp-json\/wp\/v2\/portfolio"}],"about":[{"href":"https:\/\/transeuropafestival.eu\/fr\/wp-json\/wp\/v2\/types\/portfolio"}],"replies":[{"embeddable":true,"href":"https:\/\/transeuropafestival.eu\/fr\/wp-json\/wp\/v2\/comments?post=18918"}],"version-history":[{"count":1,"href":"https:\/\/transeuropafestival.eu\/fr\/wp-json\/wp\/v2\/portfolio\/18918\/revisions"}],"predecessor-version":[{"id":18922,"href":"https:\/\/transeuropafestival.eu\/fr\/wp-json\/wp\/v2\/portfolio\/18918\/revisions\/18922"}],"wp:featuredmedia":[{"embeddable":true,"href":"https:\/\/transeuropafestival.eu\/fr\/wp-json\/wp\/v2\/media\/18921"}],"wp:attachment":[{"href":"https:\/\/transeuropafestival.eu\/fr\/wp-json\/wp\/v2\/media?parent=18918"}],"wp:term":[{"taxonomy":"post_tag","embeddable":true,"href":"https:\/\/transeuropafestival.eu\/fr\/wp-json\/wp\/v2\/tags?post=18918"},{"taxonomy":"portfolio_entries","embeddable":true,"href":"https:\/\/transeuropafestival.eu\/fr\/wp-json\/wp\/v2\/portfolio_entries?post=18918"}],"curies":[{"name":"wp","href":"https:\/\/api.w.org\/{rel}","templated":true}]}}

<h2><em>Ni Made Asri Wahyuni</em></h2>
<h3>Asri est stagiaire chez European Alternatives et vient de Bali, en Indonésie. Elle vient de terminer un Master en Politique, Philosophie et Affaires Publiques à l’Université de Milan. Elle a également participé au programme Erasmus Blended Intensive à l’Université de Groningen, axé sur l’analyse des politiques pour la durabilité sociale. Chez European Alternatives, elle assiste la coordinatrice de projet pour le festival Transeuropa à Paris ainsi que pour le réseau transnational Fierce.<br />
En dehors de ses études à Milan, Asri s’est passionnée par la danse et a participé à plusieurs festivals, tels que l’Artigiano Rho Fiera Cultural Fest, la Festa Dei Popoli et le Festival dell’Oriente. Elle s’intéresse aussi à la gestion des déchets à Bali, en particulier à ses dimensions sociales et philosophiques, ainsi qu’à la situation des femmes migrantes indonésiennes en Europe. En accord avec ses centres d’intérêt, elle est actuellement engagée dans une communauté environnementale à Bali et dans un collectif de femmes migrantes indonésiennes en Europe.</h3>

<p>Ni Made Asri Wahyuni Asri est stagiaire chez European Alternatives et vient de Bali, en Indonésie. Elle vient de terminer un Master en Politique, Philosophie et Affaires Publiques à l’Université de Milan. Elle a également participé au programme Erasmus Blended Intensive à l’Université de Groningen, axé sur l’analyse des politiques pour la durabilité sociale. Chez [&hellip;]</p>
